o = -568 + d. What is the units digit of o?
6
Suppose -23*n = 235 - 718. Suppose -n*x + 23250 = 4*x. What is the hundreds digit of x?
9
Suppose 26*l = 33*l - 7. What is the units digit of (l + (-101)/(-2))*(-42 - -44)?
3
Let n = 3296 - 2283. Suppose 402 = s - w, 0 = -2*s - w - 197 + n. What is the units digit of s?
6
Suppose -2*l = -3*k - 0*l + 2454, 0 = k + 5*l - 835. Suppose 3*u + k = 5*h - 2*u, -2*h - 2*u = -344. What is the units digit of h?
8
Suppose 0 = 6*y + 35 - 77. Suppose 1236 = -y*g + 13*g. What is the hundreds digit of g?
2
Suppose -455*d - 170 = -450*d. Let g = d - -67. What is the units digit of g?
3
Let t(a) = 1634*a + 1. Let j be t(2). Suppose 5*b = 3*q + j, 4*q = -7 + 15. What is the tens digit of b?
5
Let w = 1036 - 564. Suppose -3*u + 1076 = -5*t - w, 0 = t. What is the tens digit of u?
1
Let q be 156/8 - 10/(-20). Let n(a) = a**3 - 18*a**2 - 41*a + 55. What is the units digit of n(q)?
5
Let s(u) = 9*u**2 + u - 14. Let f be s(3). Let x = 68 - f. What is the tens digit of 0 - ((-114)/3 - x)?
3
Let i be 7511/74*36/7. Let n = i - -266. What is the hundreds digit of n?
7
Let z = 213 - 130. Let x = 89 - z. What is the units digit of -4 - (-17)/2*x?
7
Suppose -28*f + 815976 = -456512 - 51212. What is the hundreds digit of f?
2
Suppose 5*f + 47 = -88. What is the units digit of 2/(-3) + (1035/f)/(-5)?
7
Suppose 4*m = -2*h + 6583 + 88421, -m + 4*h + 23787 = 0. What is the tens digit of m?
5
Suppose 5*n - 8*n = a - 572, -2*a = -2*n + 384. Let h = -25 + n. What is the units digit of h?
6
Suppose 0 = -2*g - 2*p + 64, 4*p - 161 = 4*g - 9*g. Suppose 19*j = -g + 128. Suppose 372 = j*i - 288. What is the hundreds digit of i?
1
Suppose 2*a - 6*p + p - 14860 = 0, 0 = -a + p + 7424. What is the tens digit of a?
2
Suppose -3 = 4*u - u, -3*n + 5*u = -41. What is the tens digit of (n/10)/((-69)/(-30590))?
3
Suppose 107*x = 112*x - 20, 4*x = -2*k + 69862. What is the units digit of k?
3
Let k = 16090 - 11493. What is the units digit of k?
7
Let l(q) = -61*q - 4. Let d be l(10). Let s = 934 + d. What is the tens digit of s?
2
Let n be 2 + 1 + -18 - -3. Let v(y) = y**3 + 2*y - 1. Let u be v(1). What is the tens digit of u + 20 + (n - -11)?
2
Suppose -5319 - 416 = -27*g + 4552. What is the tens digit of g?
8
Let n = 2 - 2. Let u(x) = 147 + 34*x + 9*x - 41*x. What is the hundreds digit of u(n)?
1
Let m = -9625 - -14925. What is the thousands digit of m?
5
Suppose -1760*w = -1764*w + 29404. What is the tens digit of w?
5
Let c = 334 - 82. What is the units digit of (c/(-35) - -6)*-340?
8
Let t(y) = 25 + 2*y**2 + 22*y - 27 - 115 + 39*y**2. What is the tens digit of t(6)?
9
Let v(o) = o**2 + 16*o + 3. Let i be v(-16). Suppose 0 = -3*z - i*x + 36, -2*x + 14 = z - 0*z. What is the units digit of ((-104)/z)/(4/(-30))?
8
Let n = 71 - 50. Let d be (1 - n) + (11 - 7). What is the tens digit of (-762)/(-10) - d/(-80)?
7
Suppose 7*c - 3*c = 12. Suppose c*n = 2*j - 241, -102 = 2*n - 4*j + 56. Let l = 137 + n. What is the tens digit of l?
5
Let f = -16 + 30. Let u = 12 - f. What is the units digit of (u + 5)/((-2)/(-6))?
9
Suppose 5*d = -4*b + 191329, 3*b - 143498 = -15*d + 10*d. What is the units digit of b?
1
Let v = 422 + 8023. What is the tens digit of v?
4
Let n(l) = -156*l + 28. Let q(d) = 157*d - 30. Let p(v) = -4*n(v) - 3*q(v). What is the tens digit of p(3)?
3
Let b = 12 - -38. Let i be (-86)/(-5) - (-2)/(-10). Suppose -z + b = -i. What is the tens digit of z?
6
Let j be 0 - -2 - 4 - -227 - 0. Let f = -106 + j. Suppose -3*b = -2*b - f. What is the hundreds digit of b?
1
Suppose 0 = 7*i - 75623 - 22932 + 9466. What is the hundreds digit of i?
7
Suppose -33 = 6*p - 63. Suppose 428 - 50 = p*a - 2*h, a = -3*h + 62. What is the tens digit of a?
7
Let v(y) = -y - 3. Let k be v(-6). Suppose -d - 50*g = -49*g + 208, 4*g = 4*d + 848. What is the tens digit of k + 0/(-2) - (16 + d)?
9
Suppose 28*s = 27*s + 315. Suppose 4*c - 3*o - 163 = 2*c, 4*c + 5*o = s. Suppose -134 - 125 = -3*y - 4*m, -y + 5*m + c = 0. What is the tens digit of y?
8
Let f = 5751 - -67699. What is the tens digit of f?
5
Suppose 29 = -5*n - 61. Let y be (n/(-20))/(4/8)*5. Suppose y*u = -10*u + 3097. What is the units digit of u?
3
Suppose 0 = z + 9*z + 1300. Let h = z + 509. What is the tens digit of h?
7
Suppose 16 = 5*p - 2*c, -2*p = 2*c + 5 - 3. Let f be 2*2/(-22) + p/11. Suppose f = -4*b + b + 90. What is the units digit of b?
0
Let j(b) = 1. Let u(m) = -9*m - 23. Let s(k) = 6*j(k) + u(k). Suppose 43 = -4*c - n, 0 = -4*c + n + 2 - 47. What is the tens digit of s(c)?
8
Let o(a) be the second derivative of -a**5/20 + a**4/12 + a**3/6 + 10*a. Let z be o(-3). Suppose 189 = 2*i + z. What is the tens digit of i?
7
Suppose 193272 = 4*r + 3*b, -3*b = -5*r + 115881 + 125763. What is the ten thousands digit of r?
4
Suppose l + 204 = -4*c, 476 = -4*l + 5*c - 277. Suppose f + 355 = -4*f. Let m = f - l. What is the hundreds digit of m?
1
Let n = 148 + -139. Suppose 595 = n*q + 118. What is the tens digit of q?
5
Let h(m) = m**3 - 14*m**2 + 7*m + 63. Let c = 414 - 398. What is the units digit of h(c)?
7
Let x(g) = g**3 - 19*g**2 + 27*g + 24. Let t be x(18). Let q be t*12/(-30)*-10. Suppose -q = -4*s + 4*p, s - 180 = -2*p + 6*p. What is the hundreds digit of s?
1
Let i be -2 - ((-10)/5 + -3). Suppose -g + 356 = i*g. Suppose -g = -2*u + 37. What is the tens digit of u?
6
Suppose -5*p + 4*l = -24686, -13*l + 15*l = -4*p + 19754. What is the units digit of p?
8
Let u(z) = -z**3 + 19*z**2 - 25*z + 9. What is the tens digit of u(12)?
1
Let r(l) = 104*l**2 + 6*l - 9. Let w be r(3). Suppose 0 = 6*g - 1124 - 3634. Suppose -5*t + 3*m = -w, g = t + 3*t + 5*m. What is the tens digit of t?
9
Suppose 4878 + 545 = y + 4*o, 0 = -3*y + 4*o + 16285. Suppose 222*d - 231*d = -y. What is the units digit of d?
3
Suppose 7*z - 238 = -0*z. What is the units digit of ((-306)/36)/((-1)/z)?
9
Let p(w) be the first derivative of -41 + 1/3*w**3 - 42*w + w**2. What is the hundreds digit of p(-16)?
1
Suppose 3*v = 7*v - 32. Let x = -4 + v. What is the units digit of (-16)/(-2) - (x - 4)?
8
Let c = 82689 + -48607. What is the thousands digit of c?
4
Suppose -2*s - 5*g = -2989, -5*g + 2*g = s - 1498. What is the hundreds digit of s?
4
Suppose -h + 2*f + 5060 = 0, -3*h + 21*f - 18*f + 15174 = 0. What is the units digit of h?
6
Let f = -200437 + 282814. What is the thousands digit of f?
2
Let q be 7519 + (-8)/(-32) + 33/12. Suppose 1424 = 7*u - q. What is the thousands digit of u?
1
Suppose 80*z - 44498 = 85502. What is the units digit of z?
5
Let v(w) = -347*w - 13. Let l = 96 + -98. Let y be v(l). Suppose -2*r - 3*s = -5*r + y, 4*r = -s + 908. What is the units digit of r?
7
Suppose 8*h - 83 - 237 = 0. Suppose 7*n - h*n = -10923. What is the tens digit of n?
3
Suppose -4*n + 12 + 23 = 5*s, 0 = 3*s - n - 38. Let g be 0 + (-1)/(-1) + (6 - s). What is the tens digit of (-287)/g - 2/(-8)?
7
Let b = -55 - -46. Let c(i) = -i**3 - 9*i**2 + 6*i + 12. Let m be c(b). What is the tens digit of ((-528)/m)/(3/7)*3?
8
Let o(d) = 84*d - 15. Suppose 69*b - 42 = 62*b. What is the tens digit of o(b)?
8
Let v(m) = -91*m - 32 - 100*m + 197*m + 2*m**2. Let j be v(-5). What is the tens digit of (j + -603)*(-1)/3?
0
Let s be 0 - (-1348 + (-4)/(-4)). Suppose 2*n + 14 = k + s, -n = 2*k - 679. What is the units digit of n?
9
Let l = 48058 + -28018. What is the tens digit of l?
4
Suppose -280*b = -278*b - 10. Suppose 0 = -b*q - 5*a + 3905, 10*q + 2*a = 7*q + 2345. What is the tens digit of q?
8
Suppose 19*f - 720 = 13*f. Suppose -4*n = -252 - f. Suppose 35*g = 32*g + n. What is the units digit of g?
1
Let t(b) = 2*b**2 + 23*b + 14. Let p be t(-11). Suppose -4*o + p*z + 239 = 0, 46 = -5*o + 6*o + 2*z. Suppose c - 59 = o. What is the tens digit of c?
1
Suppose 0 = 2*o - 2*l - 10, 13 + 7 = -2*o - 4*l. Suppose o = -2*c - 2, -5*c + c - 2 = t. Let u = t - -14. What is the tens digit of u?
1
Let z = -5 + 7. Suppose -4 = -4*s + 2*b, z = -2*s - b + 4*b. What is the hundreds digit of (-6)/(-9) + ((-614)/(-6) - s)?
1
Suppose -2*t + 3*t + 2*q = -520, -5*q = 4*t + 2095. What is the hundreds digit of (t/(-4))/((4 - -3)/14)?
2
Let g(u) = -1467*u - 2921. What is the tens digit of g(-10)?
4
Let c(j) = -113*j + 162. Let q be c(-15). Suppose 20*o - 3*t = 16*o + q, -1380 = -3*o 